{"id":116,"date":"2023-08-02T19:08:59","date_gmt":"2023-08-02T17:08:59","guid":{"rendered":"https:\/\/aidetoi.fr\/?page_id=116"},"modified":"2023-08-09T19:13:56","modified_gmt":"2023-08-09T17:13:56","slug":"citations","status":"publish","type":"page","link":"https:\/\/aidetoi.fr\/index.php\/aide-toi\/ressources\/citations\/","title":{"rendered":"Citations"},"content":{"rendered":"\n<p><\/p>\n\n\n\n<figure class=\"wp-block-pullquote\"><blockquote><p>&#8220;Nul savoir, si \u00e9tendu qu\u2019il soit, ne permet d\u2019atteindre \u00e0 la pl\u00e9nitude de la sagesse, sans la connaissance de soi-m\u00eame. \u00bb <\/p><cite>Bernard de Clairvaux<\/cite><\/blockquote><\/figure>\n\n\n\n<figure class=\"wp-block-pullquote\"><blockquote><p>\u00ab Celui qui se sera \u00e9tudi\u00e9 lui-m\u00eame sera bien avanc\u00e9 dans la connaissance des autres. \u00bb <\/p><cite>Denis Diderot<\/cite><\/blockquote><\/figure>\n\n\n\n<figure class=\"wp-block-pullquote\"><blockquote><p>L\u2019amour et le soin qu\u2019on dispense ne seront jamais obsol\u00e8tes.<br>Les gens, bien plus que les choses, ont besoin d\u2019\u00eatre r\u00e9par\u00e9s, renouvel\u00e9s, revigor\u00e9s, r\u00e9cup\u00e9r\u00e9s et&nbsp;rachet\u00e9s.<br>Ne rejette jamais quelqu\u2019un.<br>Dis toi que, si un jour tu as besoin d\u2019une main secourable, <br>tu en trouveras une au bout de ton bras.<br>En vieillissant, tu te rendras compte que tu as deux mains : l\u2019une pour t\u2019aider toi-m\u00eame, <br>l\u2019autre pour aider ceux qui en ont besoin.<br>Pour toi \u00able bon temps\u00bb est encore \u00e0 venir, <br>puisses-tu en avoir beaucoup.<\/p><cite>Audrey Hepburn<br>(Lettre d\u2019Audrey Hepburn \u00e0 ses fils Sean Ferrer et Luca Dotti , \u00e9crite en 1993, avant sa mort)<\/cite><\/blockquote><\/figure>\n\n\n\n<figure class=\"wp-block-pullquote\"><blockquote><p>&#8220;&#8230;Rien ne remplace l&#8217;exp\u00e9rience d&#8217;\u00eatre aim\u00e9. <br>L&#8217;amour\/don gu\u00e9rit bien des blessures de la vie : <br>non seulement lorsque nous sommes aim\u00e9s, <br>mais aussi lorsque nous d\u00e9couvrons les tr\u00e9sors de bont\u00e9 enfouis dans notre propre coeur. <br>Nous pouvons alors entrer dans l&#8217;extraordinaire cercle vertueux de la vie : plus on aide les autres, plus on est heureux ; plus on est heureux, plus on a envie d&#8217;aider les autres.&#8221; <\/p><cite>F. Lenoir<br> Du bonheur &#8211; un&nbsp;voyage philosophique&nbsp;<\/cite><\/blockquote><\/figure>\n\n\n\n<figure class=\"wp-block-pullquote\"><blockquote><p>&#8220;Je vous le dis : vous n&#8217;avez droit d&#8217;\u00e9viter un effort qu&#8217;au nom d&#8217;un autre effort, car vous devez grandir.&#8221;<\/p><cite><em>Saint Exup\u00e9ry<\/em><br>Citadelle , \u00c9d Folio, p 132<\/cite><\/blockquote><\/figure>\n\n\n\n<figure class=\"wp-block-pullquote\"><blockquote><p>&#8220;Le vitrail ne peut pas s&#8217;enorgueillir de la lumi\u00e8re qui le traverse \u2026 mais il peut s&#8217;en r\u00e9jouir !  <\/p><cite>Dominique Salis<\/cite><\/blockquote><\/figure>\n","protected":false},"excerpt":{"rendered":"<p>&#8220;Nul savoir, si \u00e9tendu qu\u2019il soit, ne permet d\u2019atteindre \u00e0 la pl\u00e9nitude de la sagesse, sans la connaissance de soi-m\u00eame. \u00bb Bernard de Clairvaux \u00ab Celui qui se sera \u00e9tudi\u00e9 lui-m\u00eame sera bien avanc\u00e9 dans la connaissance des autres. \u00bb Denis Diderot L\u2019amour et le soin qu\u2019on dispense ne seront jamais obsol\u00e8tes.Les gens, bien plus&hellip;&nbsp;<a href=\"https:\/\/aidetoi.fr\/index.php\/aide-toi\/ressources\/citations\/\" rel=\"bookmark\">Lire la suite &raquo;<span class=\"screen-reader-text\">Citations<\/span><\/a><\/p>\n","protected":false},"author":1,"featured_media":0,"parent":25,"menu_order":8,"comment_status":"closed","ping_status":"closed","template":"","meta":{"_coblocks_attr":"","_coblocks_dimensions":"","_coblocks_responsive_height":"","_coblocks_accordion_ie_support":"","neve_meta_sidebar":"","neve_meta_container":"","neve_meta_enable_content_width":"","neve_meta_content_width":0,"neve_meta_title_alignment":"","neve_meta_author_avatar":"","neve_post_elements_order":"","neve_meta_disable_header":"","neve_meta_disable_footer":"","neve_meta_disable_title":"","_themeisle_gutenberg_block_has_review":false,"_ti_tpc_template_sync":false,"_ti_tpc_template_id":"","footnotes":""},"class_list":["post-116","page","type-page","status-publish","hentry"],"_links":{"self":[{"href":"https:\/\/aidetoi.fr\/index.php\/wp-json\/wp\/v2\/pages\/116","targetHints":{"allow":["GET"]}}],"collection":[{"href":"https:\/\/aidetoi.fr\/index.php\/wp-json\/wp\/v2\/pages"}],"about":[{"href":"https:\/\/aidetoi.fr\/index.php\/wp-json\/wp\/v2\/types\/page"}],"author":[{"embeddable":true,"href":"https:\/\/aidetoi.fr\/index.php\/wp-json\/wp\/v2\/users\/1"}],"replies":[{"embeddable":true,"href":"https:\/\/aidetoi.fr\/index.php\/wp-json\/wp\/v2\/comments?post=116"}],"version-history":[{"count":7,"href":"https:\/\/aidetoi.fr\/index.php\/wp-json\/wp\/v2\/pages\/116\/revisions"}],"predecessor-version":[{"id":280,"href":"https:\/\/aidetoi.fr\/index.php\/wp-json\/wp\/v2\/pages\/116\/revisions\/280"}],"up":[{"embeddable":true,"href":"https:\/\/aidetoi.fr\/index.php\/wp-json\/wp\/v2\/pages\/25"}],"wp:attachment":[{"href":"https:\/\/aidetoi.fr\/index.php\/wp-json\/wp\/v2\/media?parent=116"}],"curies":[{"name":"wp","href":"https:\/\/api.w.org\/{rel}","templated":true}]}}