{"id":43,"date":"2023-07-29T18:59:05","date_gmt":"2023-07-29T16:59:05","guid":{"rendered":"https:\/\/aidetoi.fr\/?page_id=43"},"modified":"2023-08-03T18:35:15","modified_gmt":"2023-08-03T16:35:15","slug":"coaching","status":"publish","type":"page","link":"https:\/\/aidetoi.fr\/index.php\/aide-toi\/presentation\/coaching\/","title":{"rendered":"Coaching"},"content":{"rendered":"\n<p><\/p>\n\n\n\n<p>Le coaching est un mot qui rev\u00eat plusieurs sens. Si on vous interroge, il est probable que vous donniez du coaching la d\u00e9finition suivante : \u00ab C\u2019est une relation de conseil entre un professionnel et une personne qui demande de l\u2019aide \u00bb. Et vous auriez sans doute en t\u00eate des exemples de coachs sportifs, coachs en relooking, coachs en d\u00e9co\u2026 qui donnent des conseils experts \u00e0 la personne qui les sollicitent.<\/p>\n\n\n\n<p>Le coaching professionnel que nous vous proposons est diff\u00e9rent.<\/p>\n\n\n\n<p>Concr\u00e8tement, il est une s\u00e9rie d\u2019entretiens individuels qui ont pour but d\u2019aider la personne coach\u00e9e \u00e0 atteindre ses objectifs professionnels ou personnels aussi vite et facilement que possible. La F\u00e9d\u00e9ration Internationale de Coaching pr\u00e9cise \u00ab plus efficacement qu\u2019il ne serait possible autrement \u00bb.<\/p>\n\n\n\n<p>Notre posture de coach est simple : \u00ab z\u00e9ro conseil, z\u00e9ro jugement \u00bb et ce, afin que la personne coach\u00e9e, trouve les solutions qui lui correspondent.<\/p>\n\n\n\n<p>Nous utilisons de nombreux outils, dont un, pr\u00e9f\u00e9rentiel, l\u2019Enneagramme, compte-tenu de notre formation.<\/p>\n\n\n\n<p>L\u2019Enneagramme permet, par une meilleure connaissance de soi, une plus grande efficacit\u00e9 dans le processus du coaching, et donc, dans l\u2019atteinte de l\u2019objectif de la personne coach\u00e9e.<\/p>\n","protected":false},"excerpt":{"rendered":"<p>Le coaching est un mot qui rev\u00eat plusieurs sens. Si on vous interroge, il est probable que vous donniez du coaching la d\u00e9finition suivante : \u00ab C\u2019est une relation de conseil entre un professionnel et une personne qui demande de l\u2019aide \u00bb. Et vous auriez sans doute en t\u00eate des exemples de coachs sportifs, coachs&hellip;&nbsp;<a href=\"https:\/\/aidetoi.fr\/index.php\/aide-toi\/presentation\/coaching\/\" rel=\"bookmark\">Lire la suite &raquo;<span class=\"screen-reader-text\">Coaching<\/span><\/a><\/p>\n","protected":false},"author":1,"featured_media":0,"parent":103,"menu_order":1,"comment_status":"closed","ping_status":"closed","template":"","meta":{"_coblocks_attr":"","_coblocks_dimensions":"","_coblocks_responsive_height":"","_coblocks_accordion_ie_support":"","neve_meta_sidebar":"","neve_meta_container":"","neve_meta_enable_content_width":"","neve_meta_content_width":0,"neve_meta_title_alignment":"","neve_meta_author_avatar":"","neve_post_elements_order":"","neve_meta_disable_header":"","neve_meta_disable_footer":"","neve_meta_disable_title":"","_themeisle_gutenberg_block_has_review":false,"_ti_tpc_template_sync":false,"_ti_tpc_template_id":"","footnotes":""},"class_list":["post-43","page","type-page","status-publish","hentry"],"_links":{"self":[{"href":"https:\/\/aidetoi.fr\/index.php\/wp-json\/wp\/v2\/pages\/43","targetHints":{"allow":["GET"]}}],"collection":[{"href":"https:\/\/aidetoi.fr\/index.php\/wp-json\/wp\/v2\/pages"}],"about":[{"href":"https:\/\/aidetoi.fr\/index.php\/wp-json\/wp\/v2\/types\/page"}],"author":[{"embeddable":true,"href":"https:\/\/aidetoi.fr\/index.php\/wp-json\/wp\/v2\/users\/1"}],"replies":[{"embeddable":true,"href":"https:\/\/aidetoi.fr\/index.php\/wp-json\/wp\/v2\/comments?post=43"}],"version-history":[{"count":3,"href":"https:\/\/aidetoi.fr\/index.php\/wp-json\/wp\/v2\/pages\/43\/revisions"}],"predecessor-version":[{"id":126,"href":"https:\/\/aidetoi.fr\/index.php\/wp-json\/wp\/v2\/pages\/43\/revisions\/126"}],"up":[{"embeddable":true,"href":"https:\/\/aidetoi.fr\/index.php\/wp-json\/wp\/v2\/pages\/103"}],"wp:attachment":[{"href":"https:\/\/aidetoi.fr\/index.php\/wp-json\/wp\/v2\/media?parent=43"}],"curies":[{"name":"wp","href":"https:\/\/api.w.org\/{rel}","templated":true}]}}